0234
In base 14, what is -2 + 939a49?
939a47
In base 3, what is -121012202 + -2201212?
-200221121
In base 11, what is 16334 + 2a6?
1662a
In base 15, what is -4034 + -4a2?
-44d6
In base 7, what is -3022 + -12665?
-16020
In base 14, what is 1d764a - -24?
1d7670
In base 4, what is 11100231320132 + -12?
11100231320120
In base 8, what is -7650 - 33367?
-43237
In base 2, what is -110011110010010111 + -1111000?
-110011110100001111
In base 6, what is 2025410 - -54?
2025504
In base 3, what is 11022222220 - 1210?
11022221010
In base 10, what is -4 + 3417325?
3417321
In base 14, what is 23d + bb58b?
bb7ca
In base 2, what is -10010110011111110 - 1110001111011?
-10100100101111001
In base 8, what is -26370572 + -14?
-26370606
In base 3, what is 2110111002012012 - 0?
2110111002012012
In base 14, what is -bbca5 + -6?
-bbcab
In base 12, what is 313948 - 7?
313941
In base 4, what is 2330212 - 201132?
2123020
In base 8, what is -37 - 2543165?
-2543224
In base 4, what is 133233111 - 2121?
133230330
In base 5, what is 100331404014 + -3?
100331404011
In base 16, what is 9ff6 - -e4a?
ae40
In base 6, what is 4303255341 - 3?
4303255334
In base 7, what is 16252324641 + 2?
16252324643
In base 14, what is -9303b2 + -3?
-9303b5
In base 4, what is 212 + -110123013203?
-110123012331
In base 14, what is 31 - -22bb454?
22bb485
In base 8, what is -1501734 + 173?
-1501541
In base 9, what is 56 - -1878566?
1878633
In base 2, what is 1010001011000111100 - 100111001011?
1010000110001110001
In base 3, what is -10211012112220222221 + -1?
-10211012112220222222
In base 3, what is 1 + -102101201120100?
-102101201120022
In base 10, what is 59 - -872894?
872953
In base 14, what is -5 - -1716844?
171683d
In base 15, what is 7cbb1e2a + -3?
7cbb1e27
In base 9, what is 25646686 + -2?
25646684
In base 2, what is 1011111 + -10011011000000?
-10011001100001
In base 4, what is -222023331322 + 1?
-222023331321
In base 7, what is -22255064 + -5?
-22255102
In base 7, what is 16430632 - 366?
16430233
In base 11, what is 22 - -405959?
405980
In base 4, what is 113201 + -12211?
100330
In base 6, what is -105414154 + -23?
-105414221
In base 5, what is 413 + 1041014402?
1041020320
In base 12, what is 124379b + -17?
1243784
In base 15, what is 44a7e10 - 0?
44a7e10
In base 4, what is -330 + 13130020200?
13130013210
In base 5, what is -1001133420 + -42?
-1001134012
In base 2, what is 11101111 + -1000111011110010001?
-1000111011010100010
In base 12, what is -152 - -55096?
54b44
In base 8, what is 416236 - -31?
416267
In base 2, what is -110010110010000111101111 + 1010?
-110010110010000111100101
In base 10, what is -10 + 9756546?
9756536
In base 12, what is -199b0136 - -5?
-199b0131
In base 10, what is -4168811 - -4?
-4168807
In base 16, what is b76 + 1c391?
1cf07
In base 6, what is -5 + 340535413?
340535404
In base 14, what is -3c3 + 125a?
c77
In base 13, what is -123b91 + -c14?
-124aa5
In base 16, what is -a2 - -12488?
123e6
In base 15, what is 8 + 699e755?
699e75d
In base 13, what is -7cb0 + a2?
-7c0b
In base 2, what is -1010000010110010000010 - 10110100?
-1010000010110100110110
In base 13, what is 198763 + 44?
1987a7
In base 15, what is -e - -7c48b?
7c47c
In base 5, what is 11010340 - 342?
11004443
In base 9, what is -5 - -3657533?
3657527
In base 14, what is -269963 - -204?
-26975d
In base 10, what is 35 + 58291?
58326
In base 14, what is -10960 + -239?
-10b99
In base 10, what is -27697 + 12697?
-15000
In base 10, what is -817 + 156072?
155255
In base 6, what is -3000301 - -3424?
-2552433
In base 9, what is 8525265 - 367?
8524787
In base 12, what is -1 + -636515?
-636516
In base 8, what is 31751 - -26364?
60335
In base 16, what is -3 - -6467e9d?
6467e9a
In base 2, what is -10 + -1001010001000100100?
-1001010001000100110
In base 3, what is -11 - 112221110102221?
-112221110110002
In base 14, what is -b + -437d94?
-437da1
In base 14, what is 681c - 3669?
3193
In base 14, what is 1d783c + 1?
1d783d
In base 9, what is -75751311 - -7?
-75751303
In base 7, what is 40203136 + 6?
40203145
In base 12, what is 14a21 - -60?
14a81
In base 11, what is 131761 - -a79?
13272a
In base 12, what is -450 - -25164?
24914
In base 8, what is -43145 - -3462?
-37463
In base 4, what is -100131213320232 - -12?
-100131213320220
In base 2, what is 111010000 + 100010011010?
101001101010
In base 16, what is -129d3e + -9?
-129d47
In base 12, what is -4 - -1902a810?
1902a808
In base 11, what is 30206 + 42?
30248
In base 5, what is 33312310304 - 3?
33312310301
In base 12, what is 3bb + 5097?
5496
In base 8, what is 57776 - 602?
57174
In base 12, what is -802 - 2b89?
-378b
In base 8, what is -121760221 + -3?
-121760224
In base 3, what is -112202100 + 11211001?
-100221022
In base 10, what is -31439738 + 27?
-31439711
In base 13, what is 2b24b3586 - 4?
2b24b3582
In base 16, what is 443 + 11c5?
1608
In base 10, what is 37 + -721982?
-721945
In base 13, what is -3b218a8 + -2?
-3b218aa
In base 11, what is -335110a + -16?
-3351125
In base 11, what is -424a0441 + -1?
-424a0442
In base 12, what is b8a96b - 0?
b8a96b
In base 14, what is -68a + 1317?
a6b
In base 13, what is -37 - 51a181?
-51a1b8
In base 10, what is 290175 + 14?
290189
In base 7, what is 22 + 334011650?
334012002
In base 16, what is 3bf6da + -1?
3bf6d9
In base 3, what is 1011200220 - -112022?
1012020012
In base 4, what is 132302223 + -11302?
132230321
In base 6, what is -102550 - -232205?
125215
In base 5, what is 133014103032 - 10?
133014103022
In base 15, what is cacc1a + -7?
cacc13
In base 12, what is 163b1a6 - -81?
163b267
In base 7, what is -1431313 + 102?
-1431211
In base 11, what is -2 - 9351379?
-9351380
In base 3, what is 11020010220 - -120210?
11020201200
In base 3, what is -2 + 110211200022220?
110211200022211
In base 7, what is -3630655152 + 4?
-3630655145
In base 8, what is -3643 - 47662?
-53525
In base 10, what is 13120345 + 40?
13120385
In base 7, what is -1443443164 - 3?
-1443443200
In base 5, what is 3312120 + 2420?
3320040
In base 13, what is 0 - 8b50a8?
-8b50a8
In base 14, what is 8 - 705c030?
-705c026
In base 16, what is -9ec2 - -4564?
-595e
In base 16, what is 40bc54 + 5?
40bc59
In base 16, what is -c809045 + 4?
-c809041
In base 13, what is -a01914 - 4?
-a01918
In base 11, what is 60 + 181912a?
181918a
In base 3, what is -102 - 222022222210?
-222100000012
In base 14, what is 3aa1 + 717?
43b8
In base 10, what is 18068496 - 13?
18068483
In base 8, what is 142631134 - 5?
142631127
In base 14, what is -9 + -505868d?
-5058698
In base 2, what is 1010001011010 - 111101101111?
10011101011
In base 7, what is 20062263001 - -2?
20062263003
In base 5, what is 1214230322 - 121?
1214230201
In base 5, what is -414021231 - -11?
-414021220
In base 2, what is 1010111111000 - -1100110011?
1100100101011
In base 14, what is -31b + 22616?
222d9
In base 8, what is 71 - 20600?
-20507
In base 16, what is 4dc024d + -6?
4dc0247
In base 16, what is -cb547 + 4?
-cb543
In base 16, what is -c94e7b - 6?
-c94e81
In base 9, what is -1626758 - -50?
-1626708
In base 7, what is -224660222 + 1?
-224660221
In base 9, what is -6350 - -205017?
187557
In base 16, what is 2 - 170bb59?
-170bb57
In base 15, what is -b18 - 5d33?
-694b
In base 5, what is 1423212200 - -3?
1423212203
In base 13, what is c982bcaa + 2?
c982bcac
In base 2, what is 10101101100101001101110 + -10010101?
10101101100100111011001
In base 2, what is 0 - 110100001100110101100?
-110100001100110101100
In base 2, what is 100000101010010010111110 - 11?
100000101010010010111011
In base 13, what is -46 + -7cba?
-8033
In base 13, what is a + -1317161?
-1317154
In base 5, what is 101444023104 + -3?
101444023101
In base 3, what is 10222201110211 - -1022?
10222201112010
In base 7, what is 15645 + -264645?
-246000
In base 4, what is 30121 - -20022333?
20113120
In base 12, what is 0 + -2904446?
-2904446
In base 11, what is -1 + -a838213?
-a838214
In base 3, what is 21 + 10020212221001012?
10020212221001110
In base 10, what is -13677147 - -4?
-13677143
In base 14, what is 13 + -105b46?
-105b33
In base 3, what is 112 - -22011212212012?
22011212212201
In base 15, what is 2c + -2e86d?
-2e841
In base 8, what is -72566020 - -4?
-72566014
In base 14, what is -133188 - 71?
-133219
In base 15, what is 18 + -52331?
-52318
In base 3, what is 21222202 - 110